{"id":381,"date":"2021-12-30T15:55:09","date_gmt":"2021-12-30T14:55:09","guid":{"rendered":"http:\/\/www.praxis-goelz-satzinger.de\/praxis\/?page_id=381"},"modified":"2026-04-07T11:13:35","modified_gmt":"2026-04-07T09:13:35","slug":"rezepte","status":"publish","type":"page","link":"https:\/\/www.praxis-goelz-satzinger.de\/praxis\/rezepte\/","title":{"rendered":"Rezepte"},"content":{"rendered":"\n<p><strong>Sehr geehrte Patientinnen und Patienten<\/strong>,<br>wie Sie vielleicht aus den Medien bereits erfahren haben, gibt es seit dem 01.01.2024 das E-Rezept. Bitte beachten Sie, dass alle online oder telefonisch bestellten Rezepte als E-Rezepte ausgestellt werden. Dies bedeutet, dass Sie kein Rezept mehr in Papierform erhalten werden, sondern das Rezept direkt in der Apotheke Ihrer Wahl mit Ihrer Versichertenkarte oder Krankenlassen-App einl\u00f6sen k\u00f6nnen. Nach wie vor sollten Sie uns eine Bearbeitungszeit von mindestens 24 Stunden einr\u00e4umen (Wochenenden und Urlaube z\u00e4hlen nicht dazu).<br>Bitte beachten Sie au\u00dferdem, dass f\u00fcr die erste Rezeptausstellung innerhalb eines Quartals nach wie vor die <strong>vorherige<\/strong> Einlesung Ihrer Versichertenkarte in unserer Praxis erfolgen muss. Ein zus\u00e4tzlicher Ausdruck des E-Rezepts in Papierform ist nicht vorgesehen.<br>Bitte beachten Sie au\u00dferdem, dass Hilfsmittel, Verbandsmaterialien und Bet\u00e4ubungsmittel, um nur die wichtigsten Bereiche zu nennen, weiterhin nur als klassisches Rezept erh\u00e4ltlich sind. F\u00fcr Privatpatienten kann bislang noch kein E-Rezept ausgestellt werden. Weitere Infos zum E-Rezept finden sie <a href=\"https:\/\/www.bundesgesundheitsministerium.de\/e-rezept\/faq-e-rezept-egk\">hier<\/a> .<br>Wir danken f\u00fcr Ihr Verst\u00e4ndnis. Ihr Praxisteam<\/p>\n\n\n\n<p><strong><mark style=\"background-color:rgba(0, 0, 0, 0)\" class=\"has-inline-color has-vivid-red-color\">Wichtig:<\/mark><\/strong> <br><strong>Zur Ausstellung eines E-Rezeptes muss die Gesundheitskarte zwingend <mark style=\"background-color:rgba(0, 0, 0, 0)\" class=\"has-inline-color has-vivid-red-color\">vorher <\/mark>einmal im betreffenden Quartal in der Praxis eingelesen werden!<\/strong> <br>Es k\u00f6nnen nur Folgerezepte f\u00fcr Medikamente bestellt werden. Bestellungen k\u00f6nnen fr\u00fchestens nach 24 Std in der Apotheke abgeholt werden.  <br>Beachten Sie bitte unsere <a href=\"http:\/\/www.praxis-goelz-satzinger.de\/praxis\/oeffnungszeiten\/\">\u00d6ffnungszeiten<\/a> und die <a href=\"http:\/\/www.praxis-goelz-satzinger.de\/praxis\/datenschutz\/\">Datenschutzrichtlinien<\/a>!<\/p>\n\n\n\n<p><\/p>\n\n\n\n<p><strong>Beispiele zur Medikamentenbezeichnung:<\/strong><br><em>Candesartan 8 mg, 1-0-0<\/em>, falls Sie 1 Tablette in der Fr\u00fch nehmen oder <br><em>Metformin 1000 mg<\/em>,<em> 1-0-1<\/em>, falls Sie eine Tablette morgens und eine Tablette abends nehmen<\/p>\n\n\n<style id=\"wpforms-css-vars-386-block-b664ce0f-5c69-42d9-81f8-331710f2c2cd\">\n\t\t\t\t#wpforms-386.wpforms-block-b664ce0f-5c69-42d9-81f8-331710f2c2cd {\n\t\t\t\t--wpforms-field-border-radius: 10px;\n--wpforms-field-background-color: #f5f5f5;\n--wpforms-field-border-color: #00809e;\n--wpforms-field-border-color-spare: #00809e;\n--wpforms-button-border-radius: 10px;\n--wpforms-field-size-input-height: 43px;\n--wpforms-field-size-input-spacing: 15px;\n--wpforms-field-size-font-size: 16px;\n--wpforms-field-size-line-height: 19px;\n--wpforms-field-size-padding-h: 14px;\n--wpforms-field-size-checkbox-size: 16px;\n--wpforms-field-size-sublabel-spacing: 5px;\n--wpforms-field-size-icon-size: 1;\n--wpforms-label-size-font-size: 16px;\n--wpforms-label-size-line-height: 19px;\n--wpforms-label-size-sublabel-font-size: 14px;\n--wpforms-label-size-sublabel-line-height: 17px;\n--wpforms-button-size-font-size: 17px;\n--wpforms-button-size-height: 41px;\n--wpforms-button-size-padding-h: 15px;\n--wpforms-button-size-margin-top: 10px;\n\t\t\t}\n\t\t\t<\/style><div class=\"wpforms-container wpforms-container-full wpforms-block wpforms-block-b664ce0f-5c69-42d9-81f8-331710f2c2cd wpforms-render-modern\" id=\"wpforms-386\"><form id=\"wpforms-form-386\" class=\"wpforms-validate wpforms-form wpforms-ajax-form\" data-formid=\"386\" method=\"post\" enctype=\"multipart\/form-data\" action=\"\/praxis\/wp-json\/wp\/v2\/pages\/381\" data-token=\"93fe8507304b56450d8839b482d781eb\" data-token-time=\"1778954889\"><noscript class=\"wpforms-error-noscript\">Bitte aktivieren Sie JavaScript in Ihrem Browser, um dieses Formular fertigzustellen.<\/noscript><div id=\"wpforms-error-noscript\" style=\"display: none;\">Bitte aktivieren Sie JavaScript in Ihrem Browser, um dieses Formular fertigzustellen.<\/div><div class=\"wpforms-field-container\"><div id=\"wpforms-386-field_2-container\" class=\"wpforms-field wpforms-field-name\" data-field-id=\"2\"><fieldset><legend class=\"wpforms-field-label\">Name <span class=\"wpforms-required-label\" aria-hidden=\"true\">*<\/span><\/legend><div class=\"wpforms-field-row wpforms-field-medium\"><div class=\"wpforms-field-row-block wpforms-first wpforms-one-half\"><input type=\"text\" id=\"wpforms-386-field_2\" class=\"wpforms-field-name-first wpforms-field-required\" name=\"wpforms[fields][2][first]\" placeholder=\"Vorname\" aria-errormessage=\"wpforms-386-field_2-error\" required><label for=\"wpforms-386-field_2\" class=\"wpforms-field-sublabel after wpforms-sublabel-hide\">Vorname<\/label><\/div><div class=\"wpforms-field-row-block wpforms-one-half\"><input type=\"text\" id=\"wpforms-386-field_2-last\" class=\"wpforms-field-name-last wpforms-field-required\" name=\"wpforms[fields][2][last]\" placeholder=\"Nachname\" aria-errormessage=\"wpforms-386-field_2-last-error\" required><label for=\"wpforms-386-field_2-last\" class=\"wpforms-field-sublabel after wpforms-sublabel-hide\">Nachname<\/label><\/div><\/div><\/fieldset><\/div><div id=\"wpforms-386-field_3-container\" class=\"wpforms-field wpforms-field-email\" data-field-id=\"3\"><label class=\"wpforms-field-label\" for=\"wpforms-386-field_3\">E-Mail <span class=\"wpforms-required-label\" aria-hidden=\"true\">*<\/span><\/label><input type=\"email\" id=\"wpforms-386-field_3\" class=\"wpforms-field-medium wpforms-field-required\" name=\"wpforms[fields][3]\" spellcheck=\"false\" aria-errormessage=\"wpforms-386-field_3-error\" required><\/div><div id=\"wpforms-386-field_6-container\" class=\"wpforms-field wpforms-field-text\" data-field-id=\"6\"><label class=\"wpforms-field-label\" for=\"wpforms-386-field_6\">Geburtsdatum <span class=\"wpforms-required-label\" aria-hidden=\"true\">*<\/span><\/label><input type=\"text\" id=\"wpforms-386-field_6\" class=\"wpforms-field-small wpforms-field-required\" name=\"wpforms[fields][6]\" aria-errormessage=\"wpforms-386-field_6-error\" required><\/div><div id=\"wpforms-386-field_4-container\" class=\"wpforms-field wpforms-field-text\" data-field-id=\"4\"><label class=\"wpforms-field-label\" for=\"wpforms-386-field_4\">Gew\u00fcnschtes Medikament 1  (Nur Folgerezepte!) <span class=\"wpforms-required-label\" aria-hidden=\"true\">*<\/span><\/label><input type=\"text\" id=\"wpforms-386-field_4\" class=\"wpforms-field-large wpforms-field-required\" name=\"wpforms[fields][4]\" aria-errormessage=\"wpforms-386-field_4-error\" required><\/div><div id=\"wpforms-386-field_13-container\" class=\"wpforms-field wpforms-field-text\" data-field-id=\"13\"><label class=\"wpforms-field-label\" for=\"wpforms-386-field_13\">Medikament 2<\/label><input type=\"text\" id=\"wpforms-386-field_13\" class=\"wpforms-field-large\" name=\"wpforms[fields][13]\" aria-errormessage=\"wpforms-386-field_13-error\" ><\/div><div id=\"wpforms-386-field_10-container\" class=\"wpforms-field wpforms-field-text\" data-field-id=\"10\"><label class=\"wpforms-field-label\" for=\"wpforms-386-field_10\">Medikament 3<\/label><input type=\"text\" id=\"wpforms-386-field_10\" class=\"wpforms-field-large\" name=\"wpforms[fields][10]\" aria-errormessage=\"wpforms-386-field_10-error\" ><\/div><div id=\"wpforms-386-field_16-container\" class=\"wpforms-field wpforms-field-checkbox\" data-field-id=\"16\"><fieldset><legend class=\"wpforms-field-label\">Versichertennachweis <span class=\"wpforms-required-label\" aria-hidden=\"true\">*<\/span><\/legend><ul id=\"wpforms-386-field_16\" class=\"wpforms-field-required\"><li class=\"choice-1 depth-1\"><input type=\"checkbox\" id=\"wpforms-386-field_16_1\" name=\"wpforms[fields][16][]\" value=\"Ich habe meine Gesundheitskarte im aktuellen Quartal  bereits in der Praxis vorgelegt.\" aria-errormessage=\"wpforms-386-field_16_1-error\" required ><label class=\"wpforms-field-label-inline\" for=\"wpforms-386-field_16_1\">Ich habe meine Gesundheitskarte im aktuellen Quartal  bereits in der Praxis vorgelegt.<\/label><\/li><\/ul><\/fieldset><\/div><div id=\"wpforms-386-field_15-container\" class=\"wpforms-field wpforms-field-gdpr-checkbox\" data-field-id=\"15\"><label class=\"wpforms-field-label\">Datenschutz <span class=\"wpforms-required-label\" aria-hidden=\"true\">*<\/span><\/label><ul id=\"wpforms-386-field_15\" class=\"wpforms-field-required\"><li class=\"choice-1\"><input type=\"checkbox\" id=\"wpforms-386-field_15_1\" name=\"wpforms[fields][15][]\" value=\"Ich habe die Datenschutzrichtlinien verstanden und akzeptiert.\" aria-errormessage=\"wpforms-386-field_15_1-error\" required ><label class=\"wpforms-field-label-inline\" for=\"wpforms-386-field_15_1\">Ich habe die Datenschutzrichtlinien verstanden und akzeptiert.<\/label><\/li><\/ul><\/div><\/div><!-- .wpforms-field-container --><div class=\"wpforms-field wpforms-field-hp\"><label for=\"wpforms-386-field-hp\" class=\"wpforms-field-label\">Message<\/label><input type=\"text\" name=\"wpforms[hp]\" id=\"wpforms-386-field-hp\" class=\"wpforms-field-medium\"><\/div><div class=\"wpforms-submit-container\" ><input type=\"hidden\" name=\"wpforms[id]\" value=\"386\"><input type=\"hidden\" name=\"page_title\" value=\"\"><input type=\"hidden\" name=\"page_url\" value=\"https:\/\/www.praxis-goelz-satzinger.de\/praxis\/wp-json\/wp\/v2\/pages\/381\"><input type=\"hidden\" name=\"url_referer\" value=\"\"><button type=\"submit\" name=\"wpforms[submit]\" id=\"wpforms-submit-386\" class=\"wpforms-submit\" data-alt-text=\"Senden...\" data-submit-text=\"Absenden\" aria-live=\"assertive\" value=\"wpforms-submit\">Absenden<\/button><img loading=\"lazy\" decoding=\"async\" src=\"https:\/\/www.praxis-goelz-satzinger.de\/praxis\/wp-content\/plugins\/wpforms-lite\/assets\/images\/submit-spin.svg\" class=\"wpforms-submit-spinner\" style=\"display: none;\" width=\"26\" height=\"26\" alt=\"Wird geladen\"><\/div><\/form><\/div>  <!-- .wpforms-container -->","protected":false},"excerpt":{"rendered":"<p>Sehr geehrte Patientinnen und Patienten,wie Sie vielleicht aus den Medien bereits erfahren haben, gibt es seit dem 01.01.2024 das E-Rezept. Bitte beachten Sie, dass alle online oder telefonisch bestellten Rezepte als E-Rezepte ausgestellt werden. Dies bedeutet, dass Sie kein Rezept mehr in Papierform erhalten werden, sondern das Rezept direkt in<span class=\"more-link\"><a href=\"https:\/\/www.praxis-goelz-satzinger.de\/praxis\/rezepte\/\">Continue Reading<\/a><\/span><\/p>\n","protected":false},"author":1,"featured_media":1374,"parent":0,"menu_order":0,"comment_status":"closed","ping_status":"closed","template":"","meta":{"footnotes":""},"class_list":["entry","author-admin","post-381","page","type-page","status-publish","has-post-thumbnail"],"yoast_head":"<!-- This site is optimized with the Yoast SEO plugin v27.6 - https:\/\/yoast.com\/product\/yoast-seo-wordpress\/ -->\n<title>Rezepte -<\/title>\n<meta name=\"robots\" content=\"index, follow, max-snippet:-1, max-image-preview:large, max-video-preview:-1\" \/>\n<link rel=\"canonical\" href=\"https:\/\/www.praxis-goelz-satzinger.de\/praxis\/rezepte\/\" \/>\n<meta property=\"og:locale\" content=\"de_DE\" \/>\n<meta property=\"og:type\" content=\"article\" \/>\n<meta property=\"og:title\" content=\"Rezepte -\" \/>\n<meta property=\"og:description\" content=\"Sehr geehrte Patientinnen und Patienten,wie Sie vielleicht aus den Medien bereits erfahren haben, gibt es seit dem 01.01.2024 das E-Rezept. Bitte beachten Sie, dass alle online oder telefonisch bestellten Rezepte als E-Rezepte ausgestellt werden. Dies bedeutet, dass Sie kein Rezept mehr in Papierform erhalten werden, sondern das Rezept direkt inContinue Reading\" \/>\n<meta property=\"og:url\" content=\"https:\/\/www.praxis-goelz-satzinger.de\/praxis\/rezepte\/\" \/>\n<meta property=\"article:modified_time\" content=\"2026-04-07T09:13:35+00:00\" \/>\n<meta property=\"og:image\" content=\"https:\/\/www.praxis-goelz-satzinger.de\/praxis\/wp-content\/uploads\/2023\/12\/680672_original_R_B_by_Tim-Reckmann_pixelio.de_.jpg\" \/>\n\t<meta property=\"og:image:width\" content=\"1440\" \/>\n\t<meta property=\"og:image:height\" content=\"435\" \/>\n\t<meta property=\"og:image:type\" content=\"image\/jpeg\" \/>\n<meta name=\"twitter:card\" content=\"summary_large_image\" \/>\n<meta name=\"twitter:label1\" content=\"Gesch\u00e4tzte Lesezeit\" \/>\n\t<meta name=\"twitter:data1\" content=\"2\u00a0Minuten\" \/>\n<script type=\"application\/ld+json\" class=\"yoast-schema-graph\">{\"@context\":\"https:\\\/\\\/schema.org\",\"@graph\":[{\"@type\":\"WebPage\",\"@id\":\"https:\\\/\\\/www.praxis-goelz-satzinger.de\\\/praxis\\\/rezepte\\\/\",\"url\":\"https:\\\/\\\/www.praxis-goelz-satzinger.de\\\/praxis\\\/rezepte\\\/\",\"name\":\"Rezepte -\",\"isPartOf\":{\"@id\":\"https:\\\/\\\/www.praxis-goelz-satzinger.de\\\/praxis\\\/#website\"},\"primaryImageOfPage\":{\"@id\":\"https:\\\/\\\/www.praxis-goelz-satzinger.de\\\/praxis\\\/rezepte\\\/#primaryimage\"},\"image\":{\"@id\":\"https:\\\/\\\/www.praxis-goelz-satzinger.de\\\/praxis\\\/rezepte\\\/#primaryimage\"},\"thumbnailUrl\":\"https:\\\/\\\/www.praxis-goelz-satzinger.de\\\/praxis\\\/wp-content\\\/uploads\\\/2023\\\/12\\\/680672_original_R_B_by_Tim-Reckmann_pixelio.de_.jpg\",\"datePublished\":\"2021-12-30T14:55:09+00:00\",\"dateModified\":\"2026-04-07T09:13:35+00:00\",\"breadcrumb\":{\"@id\":\"https:\\\/\\\/www.praxis-goelz-satzinger.de\\\/praxis\\\/rezepte\\\/#breadcrumb\"},\"inLanguage\":\"de\",\"potentialAction\":[{\"@type\":\"ReadAction\",\"target\":[\"https:\\\/\\\/www.praxis-goelz-satzinger.de\\\/praxis\\\/rezepte\\\/\"]}]},{\"@type\":\"ImageObject\",\"inLanguage\":\"de\",\"@id\":\"https:\\\/\\\/www.praxis-goelz-satzinger.de\\\/praxis\\\/rezepte\\\/#primaryimage\",\"url\":\"https:\\\/\\\/www.praxis-goelz-satzinger.de\\\/praxis\\\/wp-content\\\/uploads\\\/2023\\\/12\\\/680672_original_R_B_by_Tim-Reckmann_pixelio.de_.jpg\",\"contentUrl\":\"https:\\\/\\\/www.praxis-goelz-satzinger.de\\\/praxis\\\/wp-content\\\/uploads\\\/2023\\\/12\\\/680672_original_R_B_by_Tim-Reckmann_pixelio.de_.jpg\",\"width\":1440,\"height\":435},{\"@type\":\"BreadcrumbList\",\"@id\":\"https:\\\/\\\/www.praxis-goelz-satzinger.de\\\/praxis\\\/rezepte\\\/#breadcrumb\",\"itemListElement\":[{\"@type\":\"ListItem\",\"position\":1,\"name\":\"Startseite\",\"item\":\"https:\\\/\\\/www.praxis-goelz-satzinger.de\\\/praxis\\\/\"},{\"@type\":\"ListItem\",\"position\":2,\"name\":\"Rezepte\"}]},{\"@type\":\"WebSite\",\"@id\":\"https:\\\/\\\/www.praxis-goelz-satzinger.de\\\/praxis\\\/#website\",\"url\":\"https:\\\/\\\/www.praxis-goelz-satzinger.de\\\/praxis\\\/\",\"name\":\"Praxis Dr. G\u00f6lz \\\/ Dr. Satzinger\",\"description\":\"\",\"publisher\":{\"@id\":\"https:\\\/\\\/www.praxis-goelz-satzinger.de\\\/praxis\\\/#organization\"},\"potentialAction\":[{\"@type\":\"SearchAction\",\"target\":{\"@type\":\"EntryPoint\",\"urlTemplate\":\"https:\\\/\\\/www.praxis-goelz-satzinger.de\\\/praxis\\\/?s={search_term_string}\"},\"query-input\":{\"@type\":\"PropertyValueSpecification\",\"valueRequired\":true,\"valueName\":\"search_term_string\"}}],\"inLanguage\":\"de\"},{\"@type\":\"Organization\",\"@id\":\"https:\\\/\\\/www.praxis-goelz-satzinger.de\\\/praxis\\\/#organization\",\"name\":\"Praxis Dr. G\u00f6lz \\\/ Dr. Satzinger\",\"url\":\"https:\\\/\\\/www.praxis-goelz-satzinger.de\\\/praxis\\\/\",\"logo\":{\"@type\":\"ImageObject\",\"inLanguage\":\"de\",\"@id\":\"https:\\\/\\\/www.praxis-goelz-satzinger.de\\\/praxis\\\/#\\\/schema\\\/logo\\\/image\\\/\",\"url\":\"https:\\\/\\\/www.praxis-goelz-satzinger.de\\\/praxis\\\/wp-content\\\/uploads\\\/2021\\\/02\\\/cropped-GS_Logo_RGB-scaled-1.jpg\",\"contentUrl\":\"https:\\\/\\\/www.praxis-goelz-satzinger.de\\\/praxis\\\/wp-content\\\/uploads\\\/2021\\\/02\\\/cropped-GS_Logo_RGB-scaled-1.jpg\",\"width\":2560,\"height\":740,\"caption\":\"Praxis Dr. G\u00f6lz \\\/ Dr. Satzinger\"},\"image\":{\"@id\":\"https:\\\/\\\/www.praxis-goelz-satzinger.de\\\/praxis\\\/#\\\/schema\\\/logo\\\/image\\\/\"}}]}<\/script>\n<!-- \/ Yoast SEO plugin. -->","yoast_head_json":{"title":"Rezepte -","robots":{"index":"index","follow":"follow","max-snippet":"max-snippet:-1","max-image-preview":"max-image-preview:large","max-video-preview":"max-video-preview:-1"},"canonical":"https:\/\/www.praxis-goelz-satzinger.de\/praxis\/rezepte\/","og_locale":"de_DE","og_type":"article","og_title":"Rezepte -","og_description":"Sehr geehrte Patientinnen und Patienten,wie Sie vielleicht aus den Medien bereits erfahren haben, gibt es seit dem 01.01.2024 das E-Rezept. Bitte beachten Sie, dass alle online oder telefonisch bestellten Rezepte als E-Rezepte ausgestellt werden. Dies bedeutet, dass Sie kein Rezept mehr in Papierform erhalten werden, sondern das Rezept direkt inContinue Reading","og_url":"https:\/\/www.praxis-goelz-satzinger.de\/praxis\/rezepte\/","article_modified_time":"2026-04-07T09:13:35+00:00","og_image":[{"width":1440,"height":435,"url":"https:\/\/www.praxis-goelz-satzinger.de\/praxis\/wp-content\/uploads\/2023\/12\/680672_original_R_B_by_Tim-Reckmann_pixelio.de_.jpg","type":"image\/jpeg"}],"twitter_card":"summary_large_image","twitter_misc":{"Gesch\u00e4tzte Lesezeit":"2\u00a0Minuten"},"schema":{"@context":"https:\/\/schema.org","@graph":[{"@type":"WebPage","@id":"https:\/\/www.praxis-goelz-satzinger.de\/praxis\/rezepte\/","url":"https:\/\/www.praxis-goelz-satzinger.de\/praxis\/rezepte\/","name":"Rezepte -","isPartOf":{"@id":"https:\/\/www.praxis-goelz-satzinger.de\/praxis\/#website"},"primaryImageOfPage":{"@id":"https:\/\/www.praxis-goelz-satzinger.de\/praxis\/rezepte\/#primaryimage"},"image":{"@id":"https:\/\/www.praxis-goelz-satzinger.de\/praxis\/rezepte\/#primaryimage"},"thumbnailUrl":"https:\/\/www.praxis-goelz-satzinger.de\/praxis\/wp-content\/uploads\/2023\/12\/680672_original_R_B_by_Tim-Reckmann_pixelio.de_.jpg","datePublished":"2021-12-30T14:55:09+00:00","dateModified":"2026-04-07T09:13:35+00:00","breadcrumb":{"@id":"https:\/\/www.praxis-goelz-satzinger.de\/praxis\/rezepte\/#breadcrumb"},"inLanguage":"de","potentialAction":[{"@type":"ReadAction","target":["https:\/\/www.praxis-goelz-satzinger.de\/praxis\/rezepte\/"]}]},{"@type":"ImageObject","inLanguage":"de","@id":"https:\/\/www.praxis-goelz-satzinger.de\/praxis\/rezepte\/#primaryimage","url":"https:\/\/www.praxis-goelz-satzinger.de\/praxis\/wp-content\/uploads\/2023\/12\/680672_original_R_B_by_Tim-Reckmann_pixelio.de_.jpg","contentUrl":"https:\/\/www.praxis-goelz-satzinger.de\/praxis\/wp-content\/uploads\/2023\/12\/680672_original_R_B_by_Tim-Reckmann_pixelio.de_.jpg","width":1440,"height":435},{"@type":"BreadcrumbList","@id":"https:\/\/www.praxis-goelz-satzinger.de\/praxis\/rezepte\/#breadcrumb","itemListElement":[{"@type":"ListItem","position":1,"name":"Startseite","item":"https:\/\/www.praxis-goelz-satzinger.de\/praxis\/"},{"@type":"ListItem","position":2,"name":"Rezepte"}]},{"@type":"WebSite","@id":"https:\/\/www.praxis-goelz-satzinger.de\/praxis\/#website","url":"https:\/\/www.praxis-goelz-satzinger.de\/praxis\/","name":"Praxis Dr. G\u00f6lz \/ Dr. Satzinger","description":"","publisher":{"@id":"https:\/\/www.praxis-goelz-satzinger.de\/praxis\/#organization"},"potentialAction":[{"@type":"SearchAction","target":{"@type":"EntryPoint","urlTemplate":"https:\/\/www.praxis-goelz-satzinger.de\/praxis\/?s={search_term_string}"},"query-input":{"@type":"PropertyValueSpecification","valueRequired":true,"valueName":"search_term_string"}}],"inLanguage":"de"},{"@type":"Organization","@id":"https:\/\/www.praxis-goelz-satzinger.de\/praxis\/#organization","name":"Praxis Dr. G\u00f6lz \/ Dr. Satzinger","url":"https:\/\/www.praxis-goelz-satzinger.de\/praxis\/","logo":{"@type":"ImageObject","inLanguage":"de","@id":"https:\/\/www.praxis-goelz-satzinger.de\/praxis\/#\/schema\/logo\/image\/","url":"https:\/\/www.praxis-goelz-satzinger.de\/praxis\/wp-content\/uploads\/2021\/02\/cropped-GS_Logo_RGB-scaled-1.jpg","contentUrl":"https:\/\/www.praxis-goelz-satzinger.de\/praxis\/wp-content\/uploads\/2021\/02\/cropped-GS_Logo_RGB-scaled-1.jpg","width":2560,"height":740,"caption":"Praxis Dr. G\u00f6lz \/ Dr. Satzinger"},"image":{"@id":"https:\/\/www.praxis-goelz-satzinger.de\/praxis\/#\/schema\/logo\/image\/"}}]}},"_links":{"self":[{"href":"https:\/\/www.praxis-goelz-satzinger.de\/praxis\/wp-json\/wp\/v2\/pages\/381","targetHints":{"allow":["GET"]}}],"collection":[{"href":"https:\/\/www.praxis-goelz-satzinger.de\/praxis\/wp-json\/wp\/v2\/pages"}],"about":[{"href":"https:\/\/www.praxis-goelz-satzinger.de\/praxis\/wp-json\/wp\/v2\/types\/page"}],"author":[{"embeddable":true,"href":"https:\/\/www.praxis-goelz-satzinger.de\/praxis\/wp-json\/wp\/v2\/users\/1"}],"replies":[{"embeddable":true,"href":"https:\/\/www.praxis-goelz-satzinger.de\/praxis\/wp-json\/wp\/v2\/comments?post=381"}],"version-history":[{"count":36,"href":"https:\/\/www.praxis-goelz-satzinger.de\/praxis\/wp-json\/wp\/v2\/pages\/381\/revisions"}],"predecessor-version":[{"id":1568,"href":"https:\/\/www.praxis-goelz-satzinger.de\/praxis\/wp-json\/wp\/v2\/pages\/381\/revisions\/1568"}],"wp:featuredmedia":[{"embeddable":true,"href":"https:\/\/www.praxis-goelz-satzinger.de\/praxis\/wp-json\/wp\/v2\/media\/1374"}],"wp:attachment":[{"href":"https:\/\/www.praxis-goelz-satzinger.de\/praxis\/wp-json\/wp\/v2\/media?parent=381"}],"curies":[{"name":"wp","href":"https:\/\/api.w.org\/{rel}","templated":true}]}}